ppose 4*x + 3 = x, 5*f + 4*x - 13041 = r. Is f prime?
True
Is -12*(-3)/45 - (-6381)/5 composite?
False
Suppose -238405 = -4*u - 3*h, 3*u - 2*h - 220038 + 41247 = 0. Is u a composite number?
True
Suppose 2*r = z - 2*r + 1, -1 = z - r. Let x(u) = -174*u + 4. Is x(z) a prime number?
False
Let v(s) = 2*s**3 + s**2 - 5*s - 5. Let g be v(-2). Let h(i) = 1 - 1 - 23*i. Is h(g) composite?
True
Suppose -3*n - 5562 = -g, -n = 2*g + 331 + 1516. Let v = -1266 - n. Is v composite?
False
Suppose 91*u - 71*u = 279260. Is u a composite number?
False
Let i(f) = f**3 + 8*f**2 - f + 3. Suppose -5*l - 5 = 0, 2*g - 3*g - 3*l = 8. Is i(g) a composite number?
False
Let d be ((-25)/(-4))/(0 - 2/(-8)). Is 96/15 - 10/d a composite number?
True
Let k(v) = -8*v**2 + 5*v**2 + 1 + 2*v**2 - v. Let u be k(0). Suppose u - 64 = -3*o. Is o a prime number?
False
Let x = -20 + -29. Let o = x + 84. Is o a composite number?
True
Let i(d) = 5*d**2 - d - 1. Let z be i(-1). Suppose z*r = r - 8. Is 1*320 - r - 3 a composite number?
True
Suppose 5586 = 4*k + 5*y, 2*k = 5*y + 1462 + 1346. Is k prime?
True
Suppose -2*i - 391 = -d, 5*d - 3*i - 1973 = -2*i. Suppose 3*r = 1337 - d. Let q = 441 - r. Is q a composite number?
False
Suppose 0 = -4*l + 3678 + 2046. Suppose u + 5*t - 591 = -u, 3*t + l = 5*u. Let k = 421 - u. Is k a prime number?
False
Suppose m = -2*a + 1643, -3*a - 10*m + 11*m + 2462 = 0. Is a a composite number?
False
Let m(y) = y**3 + 10*y**2 - 1. Let s be 13/((4 - 3) + 0). Suppose 4*a + 45 = s. Is m(a) prime?
True
Suppose -3*d - 3*r = -5853 - 14796, 4*d - 2*r = 27556. Is d composite?
True
Let s(w) = -2 + 4*w**3 + 5*w - 5*w**2 - 2*w**3 + w**2. Let m(z) = 4*z - 9. Let x be m(3). Is s(x) a composite number?
False
Suppose -2*w = 4*i - 18, 0 = -2*w + 3*w + 3*i - 12. Suppose 2*n - n = 4*t + 379, -1105 = -w*n - 4*t. Suppose 127 + n = 3*c. Is c a composite number?
True
Suppose 5*d - 5*y = 2865, 0 = -3*d - 2*y + 2280 - 561. Is d a composite number?
True
Suppose -4*l = 4*r - 24, 0 = -l - 0 + 2. Is ((-4)/(-5))/(r + (-19112)/4780) prime?
False
Let g = 932 - 2178. Is g/(-4) - (-7)/(-14) a prime number?
True
Let c = -1539 - -5705. Is c a composite number?
True
Suppose 4*p + 5305 = 5*l - 3420, -4*p = l - 1721. Is l a composite number?
False
Let g(c) = c**2 + 21*c - 49. Let v be g(-23). Let t(i) = -554*i - 5. Is t(v) composite?
False
Is 3/(-5) + 415296/160 - -4 a prime number?
False
Let v be (-9)/27*(-308 - -2). Suppose -3*n - 5*w + 1135 = -0*n, 5*n - 1830 = 4*w. Suppose n = 4*f + v. Is f a composite number?
False
Let y be 129696/70*20/6. Suppose -4*f = 2*m - y, -4*f + 5348 = 3*m - 830. Is f composite?
False
Let h(a) = a**3 + 12*a**2 + 5*a - 21. Let i be h(-9). Suppose 0 = 37*b - 38*b + i. Is b composite?
True
Let v = 36195 + -6788. Is v a prime number?
False
Let i(c) = -c**2 + 4*c. Let t be i(5). Let p(j) be the first derivative of -j**4/4 + 5*j**3/3 + 3*j**2 + 3*j + 28. Is p(t) a composite number?
False
Suppose 12*g = 10*g + 10. Suppose 0*a = -3*a + w + 376, -g*w + 279 = 2*a. Is a composite?
False
Let p = -642 + 1115. Is p a prime number?
False
Let q = 8 - 5. Suppose -274 = -2*f - 2*s, 0 = 3*f + q*s - 6*s - 387. Is f prime?
False
Is 4/6*(-105819)/(-14) a prime number?
True
Let r(d) = -d - 4. Let h be 14*2*3/(-12). Let c be r(h). Is (c + 0 - 4) + 204 prime?
False
Let c(a) = 3*a**2 + a**2 - a**2 + 220*a**3 - 2*a**2 - 1. Let o be c(-1). Let h = 453 + o. Is h a prime number?
True
Let v = 15891 - 3238. Is v prime?
True
Let b = 18310 - 8703. Suppose -1151 - 11647 = -4*f + g, 3*f - b = 5*g. Is f a prime number?
False
Let j(p) = -2*p - 1. Let f(u) = 1186*u - 4. Let i(g) = -f(g) - 5*j(g). Is i(-2) composite?
True
Let x(a) = -2*a - 13. Let v be x(-8). Is (1881 + 0)/v + (5 - 3) a prime number?
False
Let h = 4967 + 596. Is h composite?
False
Let n be 48/40*5/2. Suppose -n*m = 2*m. Is -4*1 + (86 - m) prime?
False
Is (-85)/85 - (-33377 + -1) composite?
False
Let l be (-9)/2*14/(-21). Suppose i = l*j + 16, -3*i + 50 = 2*i - 5*j. Suppose 4*p = i*p - 711. Is p prime?
False
Let a = 38598 + -15277. Is a composite?
False
Let a = -69529 - -102134. Is a composite?
True
Let a(r) = r**2 - 16*r - 2. Let z be a(16). Is 6499 + 0 + (-8)/z a prime number?
False
Let i(p) = p**2 - 3*p - 8. Let w be i(-5). Let u = w - 26. Suppose u*r = 8*r - 2498. Is r composite?
False
Suppose 2*d - 3 = 1. Suppose 0 = 2*r - 0*n - d*n + 8, r - 6 = -n. Is (-1)/r*(-65 - 2) a composite number?
False
Let i(u) = -79*u - 3 + 5 + 1 + 14. Suppose 49*g = 53*g + 32. Is i(g) prime?
False
Let q(k) be the third derivative of -k**6/8 + k**5/60 + k**4/24 - k**3/3 - 3*k**2. Let g be q(-2). Suppose b - j - g = 0, 4*b - 252 = 3*j + 223. Is b composite?
True
Suppose 5*p = -25, -5*f - 3*p + 27 = -3. Suppose -t - 2*x + 9751 = 4*t, -f = -3*x. Is t a prime number?
True
Let z(l) = 46*l - 2. Let r be z(-9). Let b = r - -733. Is b prime?
True
Let f = -13 - -17. Is f - (-130)/(-2)*-3 prime?
True
Suppose -25 = 5*d, 0*h - 2075 = -3*h - 2*d. Let r = h + 906. Is r a prime number?
True
Suppose y = 14*d - 17*d + 149976, -y - 199961 = -4*d. Is d composite?
False
Let b(s) = -483*s + 43. Is b(-6) prime?
False
Suppose -5*w + 5864 + 2491 = 0. Is w composite?
True
Let v be -1 - (3 - (-229 + -3)). Let h = v - -415. Is h a composite number?
False
Let m = 7086 + -3985. Is m a composite number?
True
Let j(m) be the third derivative of 5*m**4/8 - 5*m**3/6 + 6*m**2. Let a = 4 - -2. Is j(a) prime?
False
Suppose -v = 5*c + 110, 0*v - v + 37 = -2*c. Let k be (1 + c)/((-9)/90). Is k - (-9)/6*2 a composite number?
True
Let f = -460 + 849. Let u = 648 - f. Is u prime?
False
Let s be (8/12)/((-4)/(-10794)). Let j = -1178 + s. Suppose 0 = -4*x + j + 455. Is x prime?
True
Let j(s) = 105*s**3 + 2*s**2 + 3*s + 1. Suppose -5*t + 12*t = 21. Is j(t) prime?
False
Let p(r) be the first derivative of r**3/3 + r**2/2 + 877*r - 10. Is p(0) a prime number?
True
Let n be 2/(6/(-19)) + (-2)/(-6). Is (4/6)/(n/(-18)) - -233 prime?
False
Suppose -102 = 4*h - 106. Suppose -2*l + 0*l + 2276 = 2*k, h = -k. Is l a prime number?
False
Let f(i) = 2*i**2 + 25. Suppose -57*w + 24 = -53*w. Is f(w) composite?
False
Suppose 0 = d + o + 219, -4*o - 882 = 4*d - 2*o. Is (d - -3)*(-28)/12 prime?
False
Is 14/(-7) + 1441 + 0 a composite number?
False
Let c be ((-2)/(-10))/(14/(-5) - -3). Is 8/(-12)*c - 6713/(-3) a composite number?
False
Suppose 36*x + 8369 - 106253 = 0. Is x a prime number?
True
Suppose 3*v - s - 55220 = -0*s, 4*v - s - 73627 = 0. Is v a prime number?
False
Let z(g) = 1519*g**2 - 11*g + 7. Is z(3) a prime number?
False
Let h = -22 + 24. Suppose -2*a - 3472 + 140 = -h*u, 0 = 3*u + 4*a - 5033. Is u a prime number?
False
Let x(j) = -11*j**3 - 8*j**2 + 10*j - 1. Is x(-8) prime?
True
Suppose 2*n = -10 + 14. Suppose 9166 = -0*s + n*s. Is s prime?
True
Let z = -4 + 6. Let u(o) = -1 + 55*o**2 + 2*o - 1 - 1 - 11*o**2. Is u(z) composite?
True
Suppose -5*v = -2*h - 13563, 0 = h - 24 + 28. Let c be ((-5482)/(-6))/((-1)/(-3)). Suppose c = 3*p + 4*l, -2*p - 2*l - v = -5*p. Is p prime?
True
Suppose -5*n + 7 = -3. Is (-29)/(n + (-33)/15) composite?
True
Let x = -38 - -38. Suppose 2*k + x*k = 754. Is k a composite number?
True
Let p(i) = i - 13. Let z be p(20). Let t(k) = 3*k + 14. Is t(z) a prime number?
False
Let d(z) = 8 - 3 + 0 + z. Let a be d(-5). Is (3 - a/1) + 140 a prime number?
False
Suppose 2016 = 3*j + 4*j. Let a = j + 131. Is a prime?
True
Let v(n) = 427*n**2 + n - 1. Is v(2) a composite number?
False
Let j = 2 - 0. Let v(a) = 6*a - 5. Is v(j) composite?
False
Suppose 3*w + 0*w - 28 = -5*b, 2*w + 13 = 3*b. Suppose k = 2 + w. Suppose 2*m + 1580 = 4*r, -m + 643 + 542 = k*r. Is r composite?
True
Let w be 2*(-2)/4*(-3 - -3). Suppose w = -3*h + h + 1754. Is h a prime number?
True
Let f be (-57)/(((-45)/(-24))/(-5)). Let i be (-3)/9 + f/24. Suppose -7*n + 103 = -i*n. Is n composite?
False
Let l(n) = 614*n**2 + 8*n - 43. Is l(3) a prime number?
True
Suppose -73150 - 126907 = -11*w. Is w a prime number?
False
Suppose 3*r = 5*z + 5793, 2*r + 4*z - 1001 = 2861. Is r a prime number?
True
Is (-2)/(1544604/(-193074) - -8) composite?
True
Suppose 0*g - 2467 = -g + 2*f, 0 = 5*g - 4*f - 12311. Is g a prime number?
True
Suppose 0*g + 5*g - 480 = 0. Suppose 0 = 3*p + 3*f - 162, -3*f = 2*p - 5*f - g. Is p composite?
True
Let h